*c**2 - 3124*c + 115. Determine z(-42).
-2741
Let w(a) = -32*a**3 - 669*a**2 + 54*a - 114. Calculate w(-21).
75
Let s(o) = -3883*o - 372761. Calculate s(-96).
7
Let j(c) = -570*c + 51801. What is j(89)?
1071
Let k(h) = -552*h - 210848. What is k(-382)?
16
Let c(v) = 3*v**3 + 43*v**2 + 72*v + 429. Calculate c(-12).
573
Let h(s) = 891*s - 28710. Calculate h(35).
2475
Let k(r) = 613*r + 5517. Give k(-10).
-613
Let n(p) = -4*p**2 - 3215*p - 421556. Calculate n(-165).
19
Let h(m) = -m**2 - 133*m - 2608. What is h(-113)?
-348
Let t(x) = -x**2 + 384*x - 3328. Determine t(375).
47
Let k(f) = 10*f**2 + 310*f - 1807. Determine k(-36).
-7
Let l(c) = c**3 + 24*c**2 + 174*c + 306. Determine l(-14).
-170
Let b(l) = 9*l**3 + 71*l**2 + 181182*l + 1449524. Calculate b(-8).
4
Let m(b) = -1518*b + 84447. Give m(56).
-561
Let t(s) = -1184574*s - 3553713. Determine t(-3).
9
Let f(q) = -10347*q - 1386394. Calculate f(-134).
104
Let p(i) = i**3 + 6*i**2 + 73*i - 401. Determine p(5).
239
Let l(u) = 24901*u - 99608. Give l(4).
-4
Let r(l) = -59*l**2 - 543*l - 543. What is r(-1)?
-59
Let p(c) = -c**2 - 432*c + 18157. What is p(39)?
-212
Let c(f) = 13*f**3 + 3*f**2 - 12*f + 1. Determine c(5).
1641
Let a(x) = 36*x**3 + 279*x**2 + 185*x - 185. Determine a(1).
315
Let q(i) = 6*i**2 - 8551*i + 42603. Calculate q(5).
-2
Let x(l) = 16983*l - 118871. Calculate x(7).
10
Let q(o) = 5188*o - 67457. Determine q(13).
-13
Let l(v) = 62591*v + 250359. Calculate l(-4).
-5
Let r(h) = -4*h**3 + 51*h**2 - 178*h + 48. Calculate r(9).
-339
Let t(l) = -l**3 + 410*l**2 - 988*l + 70181. What is t(408)?
5
Let y(f) = 10*f**2 - 961*f + 21560. Calculate y(60).
-100
Let o(f) = f**3 - 93*f**2 + 830*f - 48. What is o(10)?
-48
Let t(x) = 17*x**2 + 1627*x - 475. What is t(-96)?
5
Let q(d) = -2*d**3 - 19*d**2 + 4*d + 31. Determine q(8).
-2177
Let i(t) = t**3 + 11*t**2 + 25*t - 56. What is i(-11)?
-331
Let w(b) = -2245*b - 51630. What is w(-23)?
5
Let b(c) = 70025*c - 6. What is b(0)?
-6
Let t(j) = -5*j**2 + 1308*j + 7731. Give t(-6).
-297
Let z(w) = 52*w + 6303. Calculate z(-31).
4691
Let m(n) = 4120*n - 791002. Determine m(192).
38
Let p(o) = -1439814*o - 15837961. Determine p(-11).
-7
Let o(w) = 44478*w - 177922. What is o(4)?
-10
Let b(f) = f**2 - 12*f - 92. Determine b(20).
68
Let k(y) = y**2 + 2641*y - 142792. What is k(53)?
-10
Let u(d) = 2*d**3 - 44*d**2 - 77*d + 786. What is u(23)?
73
Let y(q) = q**3 - 167*q**2 - 3*q + 867. Determine y(167).
366
Let n(b) = b**3 - 196*b**2 - 589*b - 1572. Calculate n(199).
20
Let l(b) = 22*b**2 + 178*b + 328. What is l(-2)?
60
Let d(k) = -1114*k + 6148. Give d(6).
-536
Let h(z) = -5*z**3 + 4116*z**2 - 33416*z + 823. Determine h(815).
8
Let m(h) = 3*h**2 + 142*h + 1636. Determine m(-20).
-4
Let r(z) = -5*z**3 + 31*z**2 - 156*z + 5. What is r(5)?
-625
Let p(k) = -16*k**2 + 294*k + 85. Give p(19).
-105
Let q(y) = -y**2 + 321*y - 18192. Give q(73).
-88
Let a(m) = -125*m - 5193. Calculate a(-38).
-443
Let j(w) = 829*w + 418679. Calculate j(-505).
34
Let l(v) = -12170*v - 24275. Give l(-2).
65
Let w(v) = -2*v**2 + 18505*v - 55509. Calculate w(3).
-12
Let q(u) = -2*u**3 + 19*u**2 + 7948*u + 535. What is q(68)?
-9
Let q(x) = x**3 + 17*x**2 + 351*x + 5378. What is q(-16)?
18
Let r(g) = -2*g**3 - 29*g**2 + 275*g + 54. Calculate r(-21).
12
Let u(b) = -3853778*b + 46245349. What is u(12)?
13
Let m(n) = 19*n**2 - 152*n + 1618. Calculate m(15).
3613
Let v(a) = a**3 + 37*a**2 + 293*a + 10849. Calculate v(-37).
8
Let q(x) = -153*x**2 + 9793*x - 26. Calculate q(64).
38
Let f(v) = -22*v**2 - 675*v + 222. What is f(-31)?
5
Let t(g) = g**3 - 44*g**2 - 189*g - 151. What is t(48)?
-7
Let u(w) = 3*w**2 + 136*w + 1180. Give u(-35).
95
Let u(a) = a**3 - 259*a**2 + 3890*a - 456. Calculate u(243).
30
Let x(n) = -2*n**3 + 69*n**2 + 640*n - 16908. What is x(37)?
-73
Let d(b) = -24*b**2 + 190*b - 749. What is d(13)?
-2335
Let q(r) = 3*r**2 + 960*r - 867364. Calculate q(401).
-1
Let f(j) = 2*j**2 + 777*j - 106038. Determine f(107).
-1
Let z(k) = 24*k**2 + 273*k + 16. Give z(-13).
523
Let g(c) = 1626*c + 63411. Determine g(-39).
-3
Let z(a) = -a**2 - 642*a + 20526. Determine z(30).
366
Let c(o) = 5029*o - 175960. What is c(35)?
55
Let j(n) = -n**3 - 102*n**2 - 591*n - 333. Determine j(-96).
1107
Let g(i) = i**3 + 116*i**2 - 1539*i - 85. Determine g(-128).
299
Let q(r) = -61*r - 7695. Determine q(-116).
-619
Let l(y) = 446*y + 5664. Determine l(-11).
758
Let z(u) = -958*u**2 - 7706*u - 323. What is z(-8)?
13
Let w(s) = -s**3 + 8*s**2 - 152*s + 397. What is w(3)?
-14
Let p(c) = -14*c**2 - 1697*c + 26073. Give p(-135).
18
Let x(r) = 2793*r - 581205. Calculate x(208).
-261
Let q(y) = -2961*y + 32472. Determine q(11).
-99
Let u(x) = 2*x**2 + 1128*x - 301721. What is u(-762)?
31
Let m(k) = -807*k - 259851. What is m(-322)?
3
Let k(f) = 8806*f - 246649. Determine k(28).
-81
Let a(l) = 77*l + 5174. Determine a(-80).
-986
Let n(m) = -m**2 - 128*m - 1206. Calculate n(-19).
865
Let s(h) = -295*h**3 + 6*h**2 + 94*h + 172. Determine s(-2).
2368
Let g(p) = 66*p - 3050. Calculate g(43).
-212
Let k(a) = a**2 - 521*a + 62915. Give k(331).
25
Let z(h) = 28*h**2 - 619*h + 277. Determine z(26).
3111
Let k(q) = q**3 - 15*q**2 + 84*q - 415. Give k(11).
25
Let c(d) = -20380*d - 24. Determine c(0).
-24
Let w(z) = -z**3 - 354*z**2 + 1988*z + 69290. What is w(-359)?
3
Let l(d) = d**2 + 121*d - 18065. Give l(-207).
-263
Let q(n) = -n**3 - 11*n**2 - 202*n - 5205. What is q(-17)?
-37
Let t(l) = -164*l**2 - 34283*l - 401. What is t(-209)?
1062
Let j(p) = p**2 + 19255*p + 384703. What is j(-20)?
3
Let r(j) = -1781*j + 307903. Calculate r(173).
-210
Let h(w) = 945*w - 275992. Calculate h(292).
-52
Let v(u) = -733*u - 48909. Determine v(-67).
202
Let y(c) = 3*c**2 + 18*c - 1238. Give y(15).
-293
Let d(y) = -11*y**2 - 21297*y + 21298. Determine d(1).
-10
Let x(c) = 20*c**3 - 559*c**2 - 770. What is x(28)?
14
Let k(t) = 15*t**3 - 97*t**2 - 57*t + 4. Calculate k(7).
-3
Let y(x) = -11577*x + 81352. What is y(7)?
313
Let d(o) = -8*o**3 - 312*o**2 + 40*o + 853. Determine d(-39).
-707
Let y(v) = v**2 + 6185*v + 4048099. What is y(-744)?
-5
Let y(u) = 14*u**2 - 868*u + 8001. What is y(9)?
1323
Let x(h) = 7*h**2 - 272*h - 10072. What is x(62)?
-28
Let i(d) = 15607*d + 1498247. Calculate i(-96).
-25
Let k(q) = -q**3 + 23*q**2 + 11*q + 371. What is k(25)?
-604
Let i(s) = -30*s**2 + 2*s - 82. Calculate i(3).
-346
Let g(y) = -y**3 + 37*y**2 - 342*y - 20. What is g(16)?
-116
Let v(f) = -2*f**3 + 28*f**2 - 710*f + 2963. Determine v(5).
-137
Let l(c) = 70138*c - 280405. Determine l(4).
147
Let d(m) = -39980*m + 959438. Calculate d(24).
-82
Let p(m) = -m**2 + 13931*m - 292183. What is p(21)?
-73
Let y(r) = r**3 + 25*r**2 - 117*r - 4854. Calculate y(-24).
-1470
Let n(i) = -41624*i**2 + 4*i - 54. Give n(0).
-54
Let o(q) = -19*q**2 + 1357*q + 836. Determine o(72).
44
Let j(f) = 10*f**3 + 16*f**2 - 76*f + 14. Determine j(4).
606
Let o(s) = s**3 + 274*s**2 + 10319*s + 656. Give o(-45).
26
Let k(c) = -525*c + 7660. What is k(15)?
-215
Let p(l) = 34*l - 945. Give p(-43).
-2407
Let k(d) = 18*d**2 + 2828*d + 3413. Give k(-155).
-2477
Let t(z) = -1088*z - 943. Give t(-1).
145
Let p(n) = n**3 + 283*n**2 - 229*n + 15702. Give p(-284).
82
Let s(a) = 78*a**2 + 1799*a + 115. Calculate s(-23).
0
Let b(v) = 21928*v**2 - 43825*v - 68. Calculate b(2).
-6
Let s(r) = 2*r**3 + 32*r**2 - 115*r + 419. Determine s(8).
2571
Let h(j) = -j**3 - 25*j**2 - 890*j - 10342. Determine h(-14).
-38
Let o(s) = -20*s + 302. Determine o(-5).
402
Let f(r) = -3126*r - 528621. Give f(-169).
-327
Let f(t) = 12*t**2 - 5591*t + 64. Determine f(0).
64
Let l(o) = -3*o**2 - 162*o - 277. What is l(-49)?
458
Let d(f) = -6*f**2 - 995*f + 43819. Give d(-202).
-15
Let v(u) = -13233*u - 318177. Determine v(-24).
-585
Let l(n) = -67959*n + 2514506. Give l(37).
23
Let i(h) = h**2 + 7766*h + 4443570. Calculate i(-622).
2
Let w(t) = -276*t + 10166. What is w(37)?
-46
Let x(y) = 20*y**3 + 18*y**2 - 25*y + 2. Calculate x(-4).
-890
Let n(l) = l**3 + 97*l**2 - 92*l + 882. What is n(-98)?
294
Let y(u) = -2*u**3 + 68*u**2 + u - 121. Give y(34).
-87
Let b(g) = g**3 + 37*g**2 - 245*g - 135. What is b(-42)?
1335
Let v(x) = -2*x**3 + 127*x + 277. Calculate v(-7).
74
Let u(y) = 2434*y + 12800. What is u(-